 n - 302. Suppose 201 + 74 = -5*t - 5*z, -t - 51 = 5*z. Let c = a + t. What are the prime factors of c?
2, 11
Suppose -18*x + 22*x - 888 = 0. Suppose -m = -4*m + 6, 5*m = -4*n + x. List the prime factors of n.
53
Let n be ((-8)/(-6))/((-6)/27). Let h = 10 + n. Suppose -117 = -5*q + 4*w, 6*q - h*q - 3*w = 44. What are the prime factors of q?
5
Let s be (-6 + -1 + 2)*1. Suppose -4*g + 12 = 0, -3*u + 3*g + 10 = 19. What are the prime factors of 35 + 1/s*u?
5, 7
Let o be (-372)/36 + 1/3. What are the prime factors of (1/(-3))/(o/2250)?
3, 5
Suppose -10*c + 762 = -7*c. What are the prime factors of c?
2, 127
Let q(t) = -2*t**2 - 2*t - 4. Let f be q(-4). Let j be ((-3)/6)/((-2)/f). Let b(l) = -5*l + 17. List the prime factors of b(j).
2, 13
Let n = 45 - -173. List the prime factors of n.
2, 109
Suppose 5*i + 6 = 7*i. Let g = 29 + i. What are the prime factors of g?
2
Let o(f) = 12*f**3 + f**2 + f - 6. Let w be o(3). What are the prime factors of (12/30)/(2/w)?
2, 3, 11
Suppose -434*d + 4920 = -429*d. List the prime factors of d.
2, 3, 41
Let n be 6/(-4)*16/(-12). Suppose -n + 1 = h. List the prime factors of 15*(0/(-1) - h).
3, 5
Suppose 10 = 2*t + 2. Suppose 0 = 2*a + 7*y - t*y - 44, 2*a = 4*y + 44. List the prime factors of a.
2, 11
Let j be 1368/20 - 16/40. List the prime factors of (1 - 4) + j - -1.
2, 3, 11
Suppose 4*h - 2*d - 2839 = 231, 0 = -3*d + 9. List the prime factors of h.
769
Suppose 2187 = 4*g - 3*n, 3*g + 2*n = -0*n + 1653. List the prime factors of g.
3, 61
Let o = 1311 + 2. List the prime factors of o.
13, 101
Let v(q) = q**2 - 3*q - 51. List the prime factors of v(11).
37
Let w(z) = -z**3 - 40*z**2 + 63*z - 43. List the prime factors of w(-42).
839
List the prime factors of ((-652358)/35)/(-17) + (-2)/5.
2, 137
Let x be (-13)/((2 - -1)/3). Let l(z) = z**3 + 14*z**2 + 8*z - 15. What are the prime factors of l(x)?
2, 5
Suppose 5*f + 35 = 105. Suppose 0 = 5*q + 5, t = -q - f + 65. Suppose 4*b + 20 = t. What are the prime factors of b?
2
Let c be ((-2025)/(-125))/(-3*(-2)/30). Suppose -2*h + 53 + 253 = 0. Let s = h - c. List the prime factors of s.
2, 3
Suppose 530 - 83 = 5*r + 2*i, 0 = r + 4*i - 93. Suppose -7*t + 394 = -r. What are the prime factors of t?
3, 23
Suppose -186*i + 191*i = 8390. What are the prime factors of i?
2, 839
Let z(o) = 39*o**2 + 3*o - 5. Let r be z(3). Suppose 0*a + 5*a = r. List the prime factors of a.
71
Let h(y) = -y**2 - 14*y - 11. Let i be (0 + -9)/(-2 + 3). What are the prime factors of h(i)?
2, 17
Let g(a) = -4*a**2 + 16*a + 4. Let w = -30 - -34. Let u(c) = -5*c**2 + 17*c + 3. Let r(i) = w*g(i) - 3*u(i). List the prime factors of r(12).
19
Suppose -2*b - 4 = -t, t + 4*b - 4 = -0*t. List the prime factors of ((-24)/3*-4)/(t/20).
2, 5
Suppose 5*n = -13*w + 17*w + 855, 0 = -n + w + 171. List the prime factors of n.
3, 19
Let o = 18 + -1. Suppose 2*u = 4*t + 202, 4*u - 476 + o = -3*t. List the prime factors of u.
3, 37
Let f = 666 - 139. List the prime factors of f.
17, 31
Let t be (-4)/((-12)/21)*-14. Let p = 4 - t. What are the prime factors of p?
2, 3, 17
Suppose -3*k + 8 = 20, 4*x + 2*k = 28. What are the prime factors of ((-15)/x)/(15/(-18))?
2
Let s(a) = -1. Let r(z) = 5*z - 7. Let g(d) = r(d) - 5*s(d). Let v(j) = -29*j + 12. Let n(o) = -34*g(o) - 6*v(o). List the prime factors of n(6).
2, 5
Let u = 2378 + -1576. What are the prime factors of u?
2, 401
Suppose -3444 = -0*a - 7*a. What are the prime factors of a?
2, 3, 41
Let v be 16 - ((0 - 2) + -1). List the prime factors of 5*v + (-2 + 5)/3.
2, 3
Suppose -o = -6*o. Let q = -3 + 5. Suppose -w = -o*w - q. List the prime factors of w.
2
Let y = 3526 + -1989. What are the prime factors of y?
29, 53
Suppose 2*r = r + 18. Let i = r + -7. List the prime factors of i.
11
Let v(x) = 2*x**2 + 57*x + 168. List the prime factors of v(-38).
2, 5, 89
Let l be (-9)/6*(-4)/3. Suppose -l*n + 4*n - 678 = 0. What are the prime factors of n/11 + (-6)/(-33)?
31
Suppose 2*y - 4*t - 1456 = 0, t - 6*t = 5*y - 3565. What are the prime factors of y?
2, 359
Let h be 4118/14 + 14/(-98). Let z = -79 + h. What are the prime factors of z?
5, 43
Let n(m) = -2*m**3 + 1. Let x be n(-1). Let s = 7 - x. Suppose -g + 0*t = 3*t - s, 5*t + 20 = g. List the prime factors of g.
2, 5
Let k = 12 + -8. Let m(i) = i**2 - 3*i - 2. Let j be m(k). What are the prime factors of ((-1)/2)/(j/(-128))?
2
Suppose -r + d = -0 + 18, 3*d + 6 = 0. List the prime factors of r/(-3)*(5 - (-714)/30).
2, 3
Let v(q) be the third derivative of -q**4/24 - 10*q**3/3 - 9*q**2. Let c be v(-10). Let a(u) = u**3 + 11*u**2 + 5*u - 8. List the prime factors of a(c).
2, 3, 7
Suppose 0 = -3*p - 4 - 2, 4*k + 4*p - 6524 = 0. What are the prime factors of k?
23, 71
Let q(f) = -2*f - 14. Let k(a) = 2*a + 13. Let r(t) = -4*k(t) - 5*q(t). Let l be r(-12). Let j(g) = -g**2 - 12*g - 4. List the prime factors of j(l).
2
Let d(a) be the second derivative of a**4/12 - 5*a**3/6 - a**2/2 + 14*a + 2. What are the prime factors of d(-10)?
149
Let l(n) = -n**2 - 24*n + 19. Suppose -3*h = -2*r + 38, -3*h - 3*r - 28 = 20. List the prime factors of l(h).
3, 53
Suppose 8*b = 3*b - 175. What are the prime factors of (5 - 7)*b/2?
5, 7
Let i be -2*(-1 - (-6)/4) - -1. Suppose 5*k - 48 + 13 = i. What are the prime factors of k?
7
Let f(a) = -a**2 - 45*a + 30. What are the prime factors of f(-26)?
2, 131
Suppose 326 = -2*y - 4*u, -y + 2*u + 2*u = 169. Let m = y - -96. List the prime factors of m/(-7) - 1/(-7).
2, 5
Let h(p) = -p**3 - 9*p**2 - 9*p - 8. Let j be h(-8). Suppose j = -3*o - 2*o. Suppose -i = -5*f + 18, 0*f + 5*f - 5*i - 10 = o. What are the prime factors of f?
2
Let l = 44 - 11. List the prime factors of 220/l*(-18)/(-4).
2, 3, 5
Let h(a) = 15*a**2 + 14*a - 2. Let b be h(-11). Let n(k) = 4*k**2 + 3*k + 8. Let i be n(-3). List the prime factors of b/i + 2/(-5).
47
Let s = 4 + -104. Let v be s/(-2)*8/20. List the prime factors of v/(-8)*(-36)/2.
3, 5
Let d(g) = 2*g**2 + 43*g - 4. List the prime factors of d(-31).
3, 5, 13
Let t be 4/(-10) + 132/30. Suppose 0 = u - 2*i - 40, 0 = 6*u - t*u + 4*i - 104. Let n = -27 + u. List the prime factors of n.
19
List the prime factors of 1350 + (-6 - 18/(-3))*1.
2, 3, 5
Let m(n) = -3*n**3 - 8*n**2 - 2*n + 22. What are the prime factors of m(-6)?
2, 197
Suppose -4751 = -5*y + 9*t - 5*t, -5*y + 4715 = 5*t. List the prime factors of y.
947
Let p(m) be the second derivative of -m**5/4 - m**4/6 - m**3/6 + 2*m**2 + 7*m. Let g be p(-3). Let c = g - 61. List the prime factors of c.
3, 7
Let m(t) = t**3 + 9*t**2 + 9*t + 2. Let f be m(-8). What are the prime factors of (46/6 - 2)/((-1)/f)?
2, 17
Suppose -4 + 18 = 2*n. Suppose -5 = z - n. List the prime factors of z.
2
Let q be ((-10)/(-4))/(1/2). Suppose 10 = -0*k + q*k. Suppose -94 = -k*b + 40. What are the prime factors of b?
67
Let s = 0 - -5. Suppose -s*o + 83 = 2*w, 3*w = -o - 63 + 220. What are the prime factors of w?
2, 3
Suppose -g + 22 = 4*r + r, -2*g - 8 = -3*r. Suppose -3*j = -5*b - 159, 0 = -b - r*b + 15. What are the prime factors of j?
2, 29
Suppose k - 6*k = 10. Let w be k + (2 + -3 - 169). What are the prime factors of (-27)/(-18)*w/(-6)?
43
Let p be 0 - (-3 + 3) - 12. Let s be p/(-10)*5/2. Suppose 3*w + 5*r = 83, -5*w - r = -s*w - 46. List the prime factors of w.
3, 7
Suppose 603*g + 492 = 604*g. What are the prime factors of g?
2, 3, 41
Let x = 2 + 2. Suppose x*m - i - 212 = 0, 3*m - 159 = -0*m + 2*i. List the prime factors of m.
53
Let i(c) = c**2 + 4. Let d be i(-10). Suppose 10 = -147*u + 152*u. Suppose -u*s - 2*s = -d. What are the prime factors of s?
2, 13
Suppose -8*g + 2160 = -6*g - 4*o, -5*g - o = -5356. List the prime factors of g.
2, 67
Let h be (-32)/(-3)*(-12)/(-8). Let u(o) = 4*o**2 - 55*o + 12. What are the prime factors of u(h)?
2, 3, 13
Let a = 6979 - 2431. List the prime factors of a.
2, 3, 379
Let z(r) = -r**3 - 6*r**2 - 4*r - 7. Let i = 6 - 12. Let j be z(i). Let h = 31 - j. What are the prime factors of h?
2, 7
Let o = -1243 - -2262. List the prime factors of o.
1019
Let p = 19 + -2. Let r = p + -14. Suppose 5*o - 3*s = 130, r*o = -0*o - 4*s + 78. List the prime factors of o.
2, 13
Suppose 6 = 3*f - 0. Suppose -4*t = -5*v - 221 + 604, -t = -f*v + 92. What are the prime factors of (t/(-4))/(-3)*-2?
17
Suppose m - 12 = 12